+ 2*r + 2*k = -12. Let v = r - -9. Suppose 0 = v*g - 8*g + 4. List the prime factors of g.
2
Suppose 5*t - 205 - 555 = 0. List the prime factors of (t/(-5))/(((-4)/5)/2).
2, 19
Let b = -1142 + 1964. Suppose -2*w + 2*g - b = -6*w, 0 = -5*g + 5. Suppose -4*h + 9*h = w. What are the prime factors of h?
41
Let o(l) = -l**2 - 7*l + 7. Let h(b) be the second derivative of b**5/20 + 2*b**4/3 + 7*b**3/6 - 3*b**2 - 8*b. Let v be h(-7). List the prime factors of o(v).
13
Let c(u) = -12*u**3 - 11*u - 10. List the prime factors of c(-4).
2, 401
Suppose 3*q - 2*s = 6007 + 1693, 5*s - 2595 = -q. What are the prime factors of q?
2, 5, 257
Suppose 17*a - 7*a - 1460 = 0. What are the prime factors of a?
2, 73
Suppose a + y - 3 = 5*y, 3*y - 6 = -2*a. Let w be (a/6)/(3/12). Suppose -3*o + 6 = -w*o. List the prime factors of o.
2, 3
List the prime factors of (116944/(-44))/(-1) + (-22)/(-121).
2, 3, 443
Suppose 0*s = 3*s - 2*v + 25, 2*s - v = -17. Suppose 6*n - 5*n - 20 = 0. Let w = n + s. List the prime factors of w.
11
Let u(q) = q**3 + 2*q**2 + 27*q + 7. What are the prime factors of u(11)?
1877
Let i be (-9 + 6/3)*-2. Let o = i - 4. Suppose o = -2*h, z - h - 73 = -3*z. What are the prime factors of z?
17
Suppose -12*w + 75 = -17*w. Let n(p) = -34*p**2 + p - 2. Let m be n(-2). What are the prime factors of m/w*(-6)/(-2)?
2, 7
Let n(d) = 2*d**3 + 56*d**2 + 88*d - 6. What are the prime factors of n(-26)?
2, 5, 41
Suppose 3*h + 790 = 4*h - l, -2*l + 3964 = 5*h. List the prime factors of h.
2, 3, 11
Let v be (-3)/12*206*-2. Suppose -5*m + 2*p + v = -10*m, p + 41 = -2*m. Let g = m + 66. List the prime factors of g.
3, 5
Let b = 3 - -9. What are the prime factors of (b/24)/((-2)/(-148))?
37
Let l = 7 - 5. Let b be 1*l*(-1 + 2). Suppose 3*z = -v + 19, 2*v = b*z - z + 52. List the prime factors of v.
5
Suppose -4*z - 169 = -3*p + 67, 0 = -4*z + 2*p - 236. Let o = 125 - z. What are the prime factors of o?
2, 23
Let y(n) = -25*n + 31. What are the prime factors of y(-6)?
181
Suppose 5*y + 2*t = 12316, 10*y - 7*y = 2*t + 7396. List the prime factors of y.
2, 7, 11
Let o = 23 + -20. Suppose -2*t - o*m + 11 = 1, t = m. Suppose 5*i + t - 47 = 0. What are the prime factors of i?
3
Suppose -3*i + i = -24. Let h = i - 10. List the prime factors of h/17 - (-3540)/255.
2, 7
Suppose 8 + 10 = 2*o. Let s(p) = -59*p + 297. Let g be s(5). Let q = o + g. List the prime factors of q.
11
Let f(a) = a**3 - 3*a**2 - 5*a - 18. Let s be f(5). Suppose -s*w + 6138 = 11*w. What are the prime factors of w?
11, 31
Let n(v) = 18*v**2 - 9*v - 25. What are the prime factors of n(-6)?
677
Let x be ((-4)/(-4) - -7)*-1. Let z = 11 + x. Suppose 0 = 4*m - 5*u - 103, -4*m + z*u + 85 + 12 = 0. List the prime factors of m.
2, 11
Let t = 3 + 4. Suppose 3*a + t = 13. Let u(w) = 3*w**3 - 2*w**2 + w. List the prime factors of u(a).
2, 3
Let p = 1116 + 1947. List the prime factors of p.
3, 1021
Let x = -10 + 18. Let t(f) = f**2 + 2*f + 1. What are the prime factors of t(x)?
3
Let m be 1581/21 + (-4)/14. Let g = m - 20. List the prime factors of g.
5, 11
Suppose 3*b - 12 = 0, -b + 9 + 15 = -4*r. Let f be -7*r/(105/198). Suppose 0*k = 2*k - f. What are the prime factors of k?
3, 11
Let u(i) = 2*i + 3. Let j be u(-2). List the prime factors of (-3)/(((-9)/(-39))/j).
13
Suppose -3*x + 493 - 172 = 0. Suppose 0 = m - 0*t - t - x, t = 3*m - 321. What are the prime factors of m?
107
Let s = -18 + -2. Let p be (30/25)/(4/(-10)). List the prime factors of p - (s + (-5 - -2)).
2, 5
Let i = -377 + 162. Let w = -69 - i. What are the prime factors of w?
2, 73
Suppose 5*i = -2*j - 222, -i - 4*j + 0 - 48 = 0. What are the prime factors of ((-231)/i)/(1/4)?
3, 7
Suppose z + 5 = 8. Let t be 3/4 + z/(-4). Let g(o) = -o**3 + 21. List the prime factors of g(t).
3, 7
Suppose -1860*d = -1865*d + 7110. List the prime factors of d.
2, 3, 79
Suppose -228 = 2*w - 6*w. Suppose j + 804 = 5*u, -w = u - 5*j - 213. Let d = -114 + u. List the prime factors of d.
47
Let s(z) = -z - 5*z**2 + 3*z**3 + 4*z + 3 - 1. Let c be s(3). Suppose -4*r + 0*r + 66 = 2*p, p - 5*r = c. List the prime factors of p.
37
Let b = 29 + -48. Let k = 15 + b. List the prime factors of k/6 - 1075/(-15).
71
Suppose 4*g + 3 = 7. Let w be 0 + -3 + g - -15. Let c = 3 + w. What are the prime factors of c?
2
Let y(m) = 23*m - 157. List the prime factors of y(58).
11, 107
Let j(i) = 3*i - 11. Let r(m) = m + 1. Let g(u) = -j(u) + 2*r(u). Let h be g(9). What are the prime factors of 36*(-3 + h) + -1?
5, 7
Let x = -20 - -22. Suppose 36 = x*a + 4*a. Suppose a*m - m - 230 = 0. List the prime factors of m.
2, 23
Suppose -17 = 7*q + 11. Let h(b) = b + 8. Let s be h(q). Suppose 0*x = 2*x + s, 2*x = -3*k + 95. What are the prime factors of k?
3, 11
What are the prime factors of 20/((-640)/(-25488))*8/3?
2, 3, 59
Suppose -3*t = -3*n - 3198, -25*t + 5*n = -21*t - 4262. List the prime factors of t.
2, 3, 89
Suppose n - 3*g - g = 104, 3*n - 336 = 4*g. Let h = 176 - n. List the prime factors of 18 + h + (-1)/(-1).
79
Let t be 4*4/16*(13 - -1). List the prime factors of 11660/140 + 4/t*-1.
83
Suppose 6*k + 4*f - 11278 = 0, 6*k - 9401 = k - 4*f. What are the prime factors of k?
1877
List the prime factors of (-1 + (5 - 0))*(664 + 0).
2, 83
Suppose 4*m + 3*m - 1330 = 0. Let c = m + -133. What are the prime factors of c?
3, 19
Suppose 11*z - 8*z = -96. Let o = 83 - z. What are the prime factors of o?
5, 23
List the prime factors of 143145/35 + -1 + 24/21.
2, 5, 409
Let m(g) = g**2 - 4*g + 660. Let b be m(0). What are the prime factors of b/4 + 0/1?
3, 5, 11
Let g = -14 - -12. Let w be 3 - (-4 - (0 + g)). What are the prime factors of ((-2)/(-6))/(w/285)?
19
Suppose 8*k = 4*k + 932. Let v = k - 84. What are the prime factors of v?
149
Suppose -2571 - 4309 = -8*w. What are the prime factors of w?
2, 5, 43
Let c = 13 + 159. Let j = c - 95. List the prime factors of j.
7, 11
List the prime factors of (-48633)/(-172) - (14/8 + -3).
2, 71
Suppose -5*j + 9*x = 4*x - 40, j = 4*x - 7. Let n(k) = -k + 17. Let g be n(0). Let u = g - j. List the prime factors of u.
2
What are the prime factors of 14*134 - (14 - 180/9)?
2, 941
Let n(h) = 3*h + 2. Let i be n(4). Suppose -3*l = 50 - 179. Suppose -i = -3*b + l. What are the prime factors of b?
19
Suppose -19*f + 49*f = 28050. What are the prime factors of f?
5, 11, 17
Let i(u) be the first derivative of u**4/4 - 14*u**3/3 - 6*u**2 - 36*u + 19. What are the prime factors of i(15)?
3
Let x be ((-66)/9)/11*-6. Suppose 0 = -3*u + 2*t - 4*t - 2, -3*u - 14 = 5*t. Suppose 3*w - u*b = 94, x*b = w - 25 - 3. List the prime factors of w.
2
Let c(g) = 2*g + 28. Let f be c(0). List the prime factors of f/3 - 5/((-90)/(-6)).
3
Let z(h) = -3*h + 7. Suppose 82 = -j - 17. Let v be 2/(-9) + 869/j. List the prime factors of z(v).
2, 17
Let i = -677 + 950. Let a = i - 195. Suppose 5*k + a = 8*k. What are the prime factors of k?
2, 13
Let w(y) = 5*y**2 - 5*y - 5. Let i be w(-3). Suppose -3*o + 28 = k, 3*k + o + 3 = i. What are the prime factors of k?
2
Let q(y) be the third derivative of -7*y**6/720 - y**5/120 - y**4/2 - 13*y**2. Let u(w) be the second derivative of q(w). What are the prime factors of u(-7)?
2, 3
Let f be (-2)/6 - (-14)/(-21). Let p be 119/(-2 - -1) - f. What are the prime factors of (-1)/(-3 - p/40)?
2, 5
Suppose -35 = -5*i - 0*i - 2*v, -v - 10 = -3*i. Suppose -f - 16 = -3*w - w, i*w - 25 = 0. Let u = f + -1. List the prime factors of u.
3
Let p(s) = s**3 - 2*s**2 - 2*s + 4. Let f be p(3). Suppose 8*r - 158 = f*r. What are the prime factors of r?
2, 79
Suppose -28*c + 17420 = -18*c. List the prime factors of c.
2, 13, 67
Let q(n) = -7*n + 9. Let d = -5 - 1. What are the prime factors of q(d)?
3, 17
Let s(p) = 18*p - 3. Let i = 25 - 23. What are the prime factors of s(i)?
3, 11
Let g be ((3 - 1) + -2)/(3/(-3)). Suppose n + f - 262 = g, -2*n + 499 = -0*n - 3*f. What are the prime factors of n?
257
Let r(j) = -j**3 + 4*j**2 + 2*j + 7. Let g be r(4). Let f(b) = 3*b**2 - 30*b - 4. List the prime factors of f(g).
13, 17
Suppose 0 = -5*x - 5*v + 1375, 0 = -x + 2*v + 3*v + 251. Let m = x - 191. List the prime factors of m.
2, 5
Let l be ((-52)/(-39))/(-1 + (-59)/(-57)). Let f = 15 - 49. Let w = l + f. What are the prime factors of w?
2
Let b(i) = i + 32. Let t be b(